))/(((-44)/(-280))/g)?
3, 5, 7
Let g be 7/(-2)*36/(-14). Suppose -g*i - 354 = -7518. List the prime factors of i.
2, 199
Suppose 5*y + 2*m - 114162 - 25024 = 0, -4*y - 4*m = -111356. List the prime factors of y.
2, 6959
Suppose 7*k - 6380 = 1754. Let i = k + -574. List the prime factors of i.
2, 3, 7
Let j(k) = k**2 + 23*k + 28. Let g be j(-25). Suppose 0 = -4*p + p + g. What are the prime factors of p?
2, 13
Suppose r - 4*h - 2 = 110, 0 = -4*r + 4*h + 448. Let u = -114 + r. Let p(i) = -58*i + 6. List the prime factors of p(u).
2, 61
Let i be ((-2)/4 + 1/(-2))/(-1). Let h = i - 85. List the prime factors of (-25068)/h - 6/14.
2, 149
Let o(y) = -12*y**3 - 12*y**2 - 23*y - 209. List the prime factors of o(-8).
5351
Let f = -584 - -260. Let i = f + 492. What are the prime factors of i?
2, 3, 7
Let d = -36666 - -59753. What are the prime factors of d?
23087
Let i = -32 + 18. Let y(w) = 5*w**2 + 8*w + 9. Let r be y(-4). Let b = r + i. List the prime factors of b.
43
Let v(z) = -4*z + 2. Let m be v(0). Suppose -m*l = -3*f + 41, -2*f + 7 = 9. Let n(k) = -4*k - 20. List the prime factors of n(l).
2, 17
Suppose 4*r + 5092 = n + 280, -n + 3*r = -4819. What are the prime factors of n?
2, 5, 11
Let n(l) = 38*l - 12. Let q = 13 + -9. Let i be n(q). Let s = i + -44. What are the prime factors of s?
2, 3
Let v = -116 - -121. Suppose -985 = v*x - h, 563 = -3*x - 2*h - 3*h. What are the prime factors of -6 - -5 - 3 - x?
2, 3
Let h = -124413 - -177261. What are the prime factors of h?
2, 3, 367
Let y = -1590 + 3203. Let z = y + -874. What are the prime factors of z?
739
Let d(l) = -l**3 - 3*l**2 + l. Let w(j) = -4*j**3 - 47*j**2 + 37*j + 47. Let q(s) = 3*d(s) - w(s). What are the prime factors of q(-38)?
3, 5, 83
Suppose -9*y + 34 = -20. List the prime factors of -6 + y + -1 + 304.
3, 101
Let k be -3*6/(-12)*(-3 - -9). Let x(g) = 3*g**2 + 25*g + 17. What are the prime factors of x(k)?
5, 97
Suppose c + 41 + 8 = -5*t, -2*t + 4*c - 24 = 0. Let o(j) = -j**3 - 2*j**2 + 15*j + 20. List the prime factors of o(t).
2, 5, 67
Let s(t) = 11*t**3 + 2*t**2 + t - 10. Let u be s(4). Suppose -3*i + i + 4*y + u = 0, 0 = 3*i - 2*y - 1103. List the prime factors of i.
3, 41
Suppose 27*j = 172422 + 33966. List the prime factors of j.
2, 3, 7, 13
Let v be (-2 - -2)/(42/(-21)). Suppose v = -2*z + 789 - 21. List the prime factors of z.
2, 3
Let h(n) = -17*n**3 + n**2 - 16*n - 26. Let v be 5/(-2)*120/75. List the prime factors of h(v).
2, 571
Let d(u) = -14*u - 28. Let r be d(3). Let p be (r/(-35))/((-1)/(-76)*2). Suppose p*q + 985 = 81*q. What are the prime factors of q?
197
Suppose -a - 477 + 1986 = 0. Let o = a + -193. What are the prime factors of o?
2, 7, 47
Let r be 37/(-4)*6*4/(-3). Suppose 5*j - r = -44. Let b(k) = k**2 - 5*k + 29. List the prime factors of b(j).
5, 7
Let w(g) = g**3 + 23*g**2 + 37*g - 12. Let k be -20 + (4 - 2 - 2)/3. List the prime factors of w(k).
2, 7
Suppose 0 = 306*w - 623*w + 288*w + 1086601. List the prime factors of w.
89, 421
Let a be (-4)/((-24)/(-3)) + 8260/8. Let h = -705 + a. List the prime factors of h.
3, 109
Suppose -3*m + 4*s + 53294 = -0*m, m + 5*s = 17771. Suppose 19*h - m = -2*h. What are the prime factors of h?
2, 3, 47
Let h = -37365 - -72848. What are the prime factors of h?
7, 37, 137
Suppose 0 = -361*u + 370*u - 55755 - 2745. What are the prime factors of u?
2, 5, 13
What are the prime factors of ((-6 - 118)*24/(-60))/(2/560)?
2, 7, 31
Let z(a) be the second derivative of 37*a**3/3 - 49*a**2/2 - 58*a. What are the prime factors of z(7)?
7, 67
Suppose 5*q + 3*f - 1152 = 0, 0*q - q = -2*f - 220. Let a = q - -1070. What are the prime factors of a?
2, 11, 59
Suppose 3*p = -0*p - 12*p + 116370. What are the prime factors of p?
2, 3, 431
Suppose -8357 = -12*u - 209. Suppose -19*s + 3149 = u. List the prime factors of s.
2, 5, 13
List the prime factors of (-235 + 3)/1*(-8 - (-329)/(-28)).
2, 29, 79
Suppose 25*h - 40 = 15*h. Suppose 2*b - 5*o - 1542 = 879, 0 = -h*o + 4. List the prime factors of b.
1213
What are the prime factors of 0/((30/(-12) - -2)*-4) - -4185?
3, 5, 31
Let r(x) = 221*x**2 - 222*x - 14. What are the prime factors of r(4)?
2, 3, 439
Suppose -4*l - 8 = -5*y - 0*l, l - 11 = -2*y. Suppose -2*b - y*u = -17 - 87, 5*u = -3*b + 161. List the prime factors of b.
2, 31
Suppose -29 = -5*r - 2*s, -s - 2 + 34 = 5*r. Let m(g) be the second derivative of g**3/2 - 7*g**2/2 - 2*g. List the prime factors of m(r).
2, 7
Suppose 0 = 16*n - 65682 - 54958. List the prime factors of n.
2, 5, 13, 29
What are the prime factors of (-117960)/(-15) + 6 + 3?
7873
Let g = -13 + 1. Let y = 4 - g. List the prime factors of (2 - 4)/(y/(-424)).
53
Let y be -2*(7/(-9) - 2/9). Suppose y*v - 696 = -v. Suppose -4*i + v = -0*i - 2*r, 174 = 3*i + 4*r. What are the prime factors of i?
2, 29
Let o(k) = 5*k**2 + 142. Let q = 30 - 30. What are the prime factors of o(q)?
2, 71
Let i = 4729 + 8217. What are the prime factors of i?
2, 6473
Suppose -4*c - 2 = -h - 1, 0 = c - 3*h + 3. Let a be 1/3*3 + c. Suppose -2*y - 5*u = -266, -a = -4*u + 7. What are the prime factors of y?
2
Suppose w + 2 = 0, 197*s - 6647 = 196*s - 4*w. What are the prime factors of s?
5, 11
Let k(h) = 62*h**2 + 7*h + 7. Let f(s) = -4*s + 18. Let p be f(5). What are the prime factors of k(p)?
241
What are the prime factors of (1008 + (-27 - -13))/1?
2, 7, 71
Suppose 241987 = 31*y - 121922. List the prime factors of y.
3, 7, 13, 43
Suppose 0 = 2*k - o - o - 32312, 5*o = 3*k - 48474. What are the prime factors of k?
29, 557
Let k be (-4)/1 + 1035/69. Suppose -4*h + 1244 = 2*l, -12*h + 2*l = -k*h - 306. What are the prime factors of h?
2, 5, 31
List the prime factors of (-123)/(-21) + -6 + (-66418)/(-14).
2, 593
Let o(h) = h**2 - 71*h - 420. What are the prime factors of o(-24)?
2, 3, 5, 31
Suppose -5*j - 28 + 53 = 0, 2*j = -3*v + 24994. List the prime factors of v.
2, 3, 347
Let w(g) = 42*g**2 + 0*g - 3 + 3*g + 8*g**2. Suppose -9*r + 46 - 37 = 0. What are the prime factors of w(r)?
2, 5
Let b be (-3)/((-3)/(-2))*-1. Suppose 4*m + 1 = 25, -5*x = 4*m - 44. Suppose -149 = -2*t + d, 66 = t + b*d + x. What are the prime factors of t?
2, 3
Suppose 2*l + 3409 - 81844 = 3*k, 39215 = l - k. List the prime factors of l.
2, 3, 5, 1307
Let p(g) = -g**3 + 10*g**2 - 11*g + 11. Let f be p(9). Let s(y) = 4*y**2 + 6*y - 2. Let u be s(f). Let a = u - 97. What are the prime factors of a?
5, 11
Suppose -5*a = q - 3635, a = q + 1398 - 5063. List the prime factors of q.
2, 3, 5, 61
Suppose -2*h + 3 + 3 = 0, 5*b - h = 292. Suppose -b*p = -82409 + 9544. List the prime factors of p.
5, 13, 19
Let h(f) = 3*f**2 - 7*f + 5. Let i be h(2). Suppose 5*g = -i*u + 776, 2*u = 6*u - 2*g - 1000. What are the prime factors of u?
2, 3, 7
Let n(i) = 57*i**3 - 3*i**2 - 2*i + 2. Let x(y) = -2*y**2 - 10*y - 2. Let u be x(-5). Let l be n(u). List the prime factors of ((-5)/10)/(465/l - -1).
7, 11
Suppose 4*s - 97560 = -40*x + 36*x, x - 121938 = -5*s. What are the prime factors of s?
3, 11, 739
Let z(g) = g**3 - 6*g**2 - 3*g + 14. Let t be z(6). Let v = 74 + -71. List the prime factors of (-142)/(-4) - v - (-2)/t.
2
Let l(c) = 3*c**2 - c + 1. Let i be l(-1). Suppose i*h = 156 - 101. Suppose 5*r = 6*o - h*o + 5, -r + o + 7 = 0. What are the prime factors of r?
2
List the prime factors of (-13)/30 + 44/(-110) - 1127785/(-30).
2, 37, 127
Let f = 452 + -448. Suppose -5 = -4*k - 3*t, 5*k = 2*t - t + 11. What are the prime factors of -1 + (3/f)/(k/104)?
2, 19
Let d = 29214 + -20470. List the prime factors of d.
2, 1093
Suppose 5*v = l - 1414, 2*l - 7*l + 2*v = -7139. List the prime factors of l.
1429
Let m(v) = 51*v + 481. What are the prime factors of m(20)?
19, 79
Let c(m) = 4*m**3 + 23*m**2 - 42*m + 139. What are the prime factors of c(15)?
2, 2273
Let b(a) = a**3 + 4*a + 875. Let u = 478 + -478. List the prime factors of b(u).
5, 7
Suppose 20*q - 44 = 56. Let l(j) = 43*j**2 - 9*j + 52. List the prime factors of l(q).
2, 541
Let o(x) be the third derivative of 5*x**4/6 - 11*x**3/2 + 7*x**2. Let v(h) = -h**2 + 2*h + 77. Let j be v(-7). What are the prime factors of o(j)?
13, 19
Let t = -783 - -610. Let x = t + 403. List the prime factors of x.
2, 5, 23
Let p = -1246 + 256. Let t = p - -2156. List the prime factors of t.
2, 11, 53
Suppose -8*l 